 {"id":25051,"date":"2026-03-31T15:07:15","date_gmt":"2026-03-31T18:07:15","guid":{"rendered":"https:\/\/saobernardo.ma.gov.br\/transparencia\/?page_id=25051"},"modified":"2026-03-31T15:07:15","modified_gmt":"2026-03-31T18:07:15","slug":"regulamentacao-da-lai","status":"publish","type":"page","link":"https:\/\/saobernardo.ma.gov.br\/transparencia\/regulamentacao-da-lai\/","title":{"rendered":"Regulamenta\u00e7\u00e3o da LAI"},"content":{"rendered":"<p>Acesse a Regulamenta\u00e7\u00e3o da LAI &#8211; Lei de Acesso \u00e0 Informa\u00e7\u00e3o<\/p>\n<div id=\"footable_parent_25050\"\n         class=\" footable_parent ninja_table_wrapper loading_ninja_table wp_table_data_press_parent semantic_ui \">\n                <table data-ninja_table_instance=\"ninja_table_instance_0\" data-footable_id=\"25050\" data-filter-delay=\"1000\" aria-label=\"Regulamenta\u00e7\u00e3o da LAI\"            id=\"footable_25050\"\n           data-unique_identifier=\"ninja_table_unique_id_1715575335_25050\"\n           class=\" foo-table ninja_footable foo_table_25050 ninja_table_unique_id_1715575335_25050 ui table  ninja_search_right nt_type_legacy_table selectable striped vertical_centered  footable-paging-right ninja_table_pro ninja_table_afd_inline ninja_table_has_custom_filter\">\n                <colgroup>\n                            <col class=\"ninja_column_0 \">\n                            <col class=\"ninja_column_1 \">\n                            <col class=\"ninja_column_2 \">\n                            <col class=\"ninja_column_3 \">\n                    <\/colgroup>\n        <thead>\n<tr class=\"footable-header\">\n                                                                        <th scope=\"col\"  class=\"ninja_column_0 ninja_clmn_nm_posttitle \">Descri\u00e7\u00e3o<\/th><th scope=\"col\"  class=\"ninja_column_1 ninja_clmn_nm_postdate \">Data<\/th><th scope=\"col\"  class=\"ninja_column_2 ninja_clmn_nm_regulalaiano \">Ano<\/th><th scope=\"col\"  class=\"ninja_column_3 ninja_clmn_nm_download \">Download<\/th><\/tr>\n<\/thead>\n<tbody>\n\n        <tr data-row_id=\"0\" class=\"ninja_table_row_0 nt_row_id_0\">\n            <td>DECRETO MUNICIPAL N\u00ba 153 - DISP\u00d5E SOBRE A REGULAMENTA\u00c7\u00c3O DA LEI N\u00ba 12.527, DE 18 DE NOVEMBRO DE 2011, QUE DISP\u00d5E SOBRE O ACESSO A INFORMA\u00c7\u00d5ES PREVISTO NO INCISO XX E XIII DO CAPUT DO ART. 5\u00b0, NO INCISO II DO \u00a7 3\u00ba DO ART. 37 E NO \u00a7 2 \u00ba DO ART. 216 DA CONSTITUI\u00c7\u00c3O FEDERAL; E D\u00c1 OUTRAS PROVID\u00caNCIAS<\/td><td>09\/11\/2021<\/td><td>2021<\/td><td><\/td>        <\/tr>\n    <\/tbody><!--ninja_tobody_rendering_done-->\n    <\/table>\n    \n    \n    \n<\/div>\n\n","protected":false},"excerpt":{"rendered":"<p>Acesse a Regulamenta\u00e7\u00e3o da LAI &#8211; Lei de Acesso \u00e0 Informa\u00e7\u00e3o<\/p>\n","protected":false},"author":8,"featured_media":0,"parent":0,"menu_order":0,"comment_status":"closed","ping_status":"closed","template":"","meta":{"_acf_changed":false,"footnotes":""},"class_list":["post-25051","page","type-page","status-publish","hentry"],"acf":[],"_links":{"self":[{"href":"https:\/\/saobernardo.ma.gov.br\/transparencia\/wp-json\/wp\/v2\/pages\/25051","targetHints":{"allow":["GET"]}}],"collection":[{"href":"https:\/\/saobernardo.ma.gov.br\/transparencia\/wp-json\/wp\/v2\/pages"}],"about":[{"href":"https:\/\/saobernardo.ma.gov.br\/transparencia\/wp-json\/wp\/v2\/types\/page"}],"author":[{"embeddable":true,"href":"https:\/\/saobernardo.ma.gov.br\/transparencia\/wp-json\/wp\/v2\/users\/8"}],"replies":[{"embeddable":true,"href":"https:\/\/saobernardo.ma.gov.br\/transparencia\/wp-json\/wp\/v2\/comments?post=25051"}],"version-history":[{"count":1,"href":"https:\/\/saobernardo.ma.gov.br\/transparencia\/wp-json\/wp\/v2\/pages\/25051\/revisions"}],"predecessor-version":[{"id":25052,"href":"https:\/\/saobernardo.ma.gov.br\/transparencia\/wp-json\/wp\/v2\/pages\/25051\/revisions\/25052"}],"wp:attachment":[{"href":"https:\/\/saobernardo.ma.gov.br\/transparencia\/wp-json\/wp\/v2\/media?parent=25051"}],"curies":[{"name":"wp","href":"https:\/\/api.w.org\/{rel}","templated":true}]}}